osite number?
True
Is 168056464999 prime?
False
Is 25179354281 a prime number?
False
Is 86526918349 composite?
False
Is 98303014013 a composite number?
True
Is 39875789 composite?
True
Is 104102491 a prime number?
False
Is 22181801777 prime?
False
Is 1463187337 a composite number?
False
Is 3873199069 prime?
False
Is 1254951961 prime?
False
Is 76260700633 composite?
True
Is 1258126171 a composite number?
False
Is 2140964449 composite?
True
Is 7355306957 a composite number?
False
Is 447584831 composite?
True
Is 2019645863 a prime number?
True
Is 826380109 a prime number?
True
Is 8330149511 prime?
True
Is 9541254887 a prime number?
False
Is 1941519143 prime?
True
Is 875146243 prime?
True
Is 429962683 prime?
True
Is 401634819811 a prime number?
False
Is 931087741 a prime number?
False
Is 135043049 composite?
False
Is 21100864039 a prime number?
False
Is 1190986243 prime?
False
Is 7408718869 composite?
True
Is 663592661 a prime number?
True
Is 11626175433 prime?
False
Is 2739580843 a prime number?
True
Is 11961059989 a prime number?
True
Is 12020874167 composite?
True
Is 5198420621 a prime number?
False
Is 4209568231 a prime number?
False
Is 3532552217 prime?
True
Is 2607403031 prime?
True
Is 51107331053 a prime number?
True
Is 901462217 a composite number?
False
Is 719046751 prime?
False
Is 39224724199 composite?
False
Is 16690448641 prime?
False
Is 12448718239 a prime number?
True
Is 267622601 a composite number?
True
Is 255748513 a prime number?
False
Is 784124801 prime?
False
Is 323016347 prime?
False
Is 4804406657 a composite number?
False
Is 9622038443 a prime number?
True
Is 213671839 a composite number?
False
Is 844875943 a composite number?
False
Is 3133634297 a composite number?
False
Is 82151454389 a prime number?
False
Is 53096933 a composite number?
True
Is 51868709 composite?
True
Is 2690962783 a prime number?
True
Is 45302660549 prime?
False
Is 1287132733 composite?
False
Is 18109400131 composite?
True
Is 7827828797 a composite number?
True
Is 53455120321 a composite number?
True
Is 349223089 prime?
True
Is 8050543 composite?
False
Is 11076014059 a composite number?
True
Is 17347403071 a composite number?
False
Is 4128842219 composite?
False
Is 19750054859 a prime number?
True
Is 1956447049 composite?
False
Is 18569439587 a composite number?
True
Is 2599482203 a prime number?
False
Is 749743303 prime?
True
Is 48442131806 a composite number?
True
Is 24073322509 a prime number?
True
Is 2698407839 a composite number?
False
Is 1544144011 prime?
True
Is 3691767301 prime?
False
Is 44202493403 a composite number?
False
Is 73692763 composite?
False
Is 272241583 composite?
False
Is 10035225463 a prime number?
True
Is 9287664667 a prime number?
True
Is 1386232261 composite?
False
Is 16016274949 a composite number?
True
Is 677868761 composite?
True
Is 10512520517 a prime number?
True
Is 8132584087 composite?
True
Is 1236955519 a prime number?
True
Is 3614545463 prime?
False
Is 7775574523 prime?
True
Is 2466322693 composite?
False
Is 14782057951 prime?
True
Is 22164287137 a prime number?
False
Is 128324949 a prime number?
False
Is 1713537877 prime?
False
Is 528304627 prime?
True
Is 2695914031 a composite number?
True
Is 46507513721 composite?
True
Is 81005871659 a prime number?
True
Is 639007979 a prime number?
True
Is 12900584293 composite?
False
Is 21295487713 composite?
True
Is 57702811327 a prime number?
False
Is 17516797567 a prime number?
False
Is 13253383063 a composite number?
True
Is 52389439 composite?
True
Is 446197009 a prime number?
False
Is 31546234 composite?
True
Is 7285104713 a prime number?
False
Is 778124759 a composite number?
False
Is 10408514443 a prime number?
False
Is 495657593 a prime number?
False
Is 129976384547 a prime number?
False
Is 113812022861 a prime number?
True
Is 53311312183 composite?
False
Is 5276743181 composite?
True
Is 374938033 a composite number?
False
Is 76567163417 composite?
False
Is 19811936233 prime?
False
Is 625877969 a composite number?
False
Is 2186730149 a prime number?
True
Is 87640370873 a composite number?
True
Is 237973007 prime?
True
Is 1838230217 a composite number?
True
Is 1502689957 prime?
False
Is 84129632842 a composite number?
True
Is 5383534627 prime?
True
Is 134968006 a prime number?
False
Is 36930427 a prime number?
False
Is 2420192399 a prime number?
True
Is 1591491949 a composite number?
False
Is 1202869873 a prime number?
False
Is 5139829907 composite?
True
Is 2049025157 prime?
True
Is 119010971773 a composite number?
False
Is 36951535235 a composite number?
True
Is 5600372539 prime?
False
Is 4219914507 prime?
False
Is 3731723 a prime number?
False
Is 1147930213 composite?
False
Is 2214237601 prime?
True
Is 31002314762 a composite number?
True
Is 2059375543 prime?
False
Is 18235595849 composite?
False
Is 14494988359 prime?
True
Is 14571849961 composite?
True
Is 1983336779 prime?
True
Is 963567367 prime?
False
Is 5589387101 composite?
False
Is 87494549921 composite?
False
Is 69187051 composite?
False
Is 13061774833 a composite number?
False
Is 35779379 composite?
False
Is 644970793 a prime number?
True
Is 27581308949 a composite number?
False
Is 53740126891 composite?
True
Is 2410868093 a prime number?
True
Is 20853392155 composite?
True
Is 168601916591 a composite number?
False
Is 18998942174 composite?
True
Is 1679750861 a prime number?
True
Is 3109211887 composite?
True
Is 442532731 composite?
False
Is 1231571111 composite?
False
Is 4582243411 prime?
True
Is 9792744341 composite?
False
Is 1756654397 a composite number?
False
Is 542511961 composite?
True
Is 13617726293 prime?
True
Is 1430839477 a prime number?
True
Is 13154736713 a composite number?
False
Is 5715424381 prime?
True
Is 4001288015 a prime number?
False
Is 684818863 prime?
False
Is 28746457 prime?
False
Is 4945121 composite?
False
Is 15546143885 prime?
False
Is 468362131 prime?
False
Is 234133128623 prime?
True
Is 26390889697 a composite number?
False
Is 148977779633 a composite number?
False
Is 6572537819 a composite number?
True
Is 2946604247 composite?
True
Is 223338017 a prime number?
False
Is 126687451321 prime?
True
Is 48641285291 a prime number?
False
Is 3154843733 a prime number?
False
Is 82725296111 prime?
True
Is 31124281663 a prime number?
False
Is 234056733 composite?
True
Is 2843219173 a composite number?
False
Is 1427370551 a prime number?
False
Is 87899251463 a prime number?
True
Is 3112757939 composite?
True
Is 3675388835 a composite number?
True
Is 6299537029 composite?
True
Is 666983027 a composite number?
True
Is 1257773173 prime?
True
Is 28297298807 a prime number?
True
Is 339114077 prime?
True
Is 4570842043 prime?
False
Is 357383233 prime?
False
Is 26019734189 a composite number?
False
Is 37838390771 prime?
False
Is 2791785001 a composite number?
True
Is 2234609185 a prime number?
False
Is 8630714901 a prime number?
False
Is 1477907407 a prime number?
False
Is 104621682389 prime?
False
Is 74958869 composite?
False
Is 6865968049 a prime number?
True
Is 823720757 prime?
False
Is 1117172821 prime?
True
Is 2758133299 prime?
False
Is 382345837 prime?
True
Is 1739328797 prime?
True
Is 92389222637 a composite number?
False
Is 3307988779 composite?
False
Is 5474881207 a prime number?
False
Is 43908049382 a prime number?
False
Is 5719208243 composite?
True
Is 327866897 a composite number?
True
Is 1206037501 a prime number?
False
Is 3920632231 a composite number?
False
Is 47307573967 composite?
True
Is 9071853809 prime?
False
Is 13147273127 composite?
True
Is 84861263 composite?
True
Is 1588158653 a composite number?
False
Is 10007012123 composite?
True
Is 336650701 prime?
False
Is 350024491 a composite number?
True
Is 5880436681 a composite number?
True
Is 5286344473 prime?
True
Is 411655513 a composite number?
False
Is 15438166169 a composite number?
False
Is 154485733637 a prime number?
True
Is 1391056549 composite?
True
Is 3879248371 prime?
False
Is 4279833379 a prime number?
False
Is 119266187987 a composite number?
True
Is 594241631 a composite number?
False
Is 95656632139 composite?
True
Is 56179665397 a prime number?
True
Is 2944274747 a prime number?
True
Is 731917013 composite?
True
Is 118150233437 a composite number?
False
Is 2462795407 a composite number?
False
Is 5073435317 prime?
Fal